3 + 3*g**2 - 2*g + 2. Let n be t(2). Let o be 22 + n/(1 + 0). Suppose 0 = 5*l - 4*l - 6. Calculate the highest common divisor of o and l.
6
Let q = 2 - -16. Let v be 2 - (0 - -2) - 4. Let a = v + q. What is the highest common factor of a and 28?
14
Suppose 4*y + 1170 - 5202 = 0. Calculate the greatest common factor of 16 and y.
16
Let q = 564 + -456. Calculate the greatest common factor of 18 and q.
18
Let r be 414/115*1/(-3)*-10. Suppose 0 = -4*q - 3*l + 74, 0*q - 44 = -2*q - 5*l. Let t = q + -5. What is the greatest common factor of t and r?
12
Suppose -58*y + 61*y + 3*r = 45, 0 = 2*y - 4*r - 6. Let d be (-6)/8 + (-1080)/(-32). What is the highest common factor of d and y?
11
Let o = 53 - 37. What is the greatest common factor of o and 48?
16
Let n = -85 + 173. Calculate the greatest common factor of 24 and n.
8
Let z = 180 + -5. Suppose -23*m + z = -18*m. Calculate the highest common factor of m and 350.
35
Let b(m) = 23*m + 176. Let w be b(-6). Calculate the highest common divisor of 30 and w.
2
Let d be (4/(-15)*129)/((-8)/100). Calculate the highest common divisor of 20 and d.
10
Suppose 7*z = 11*z. Suppose -4*r = 2*a - 2, -19 = -2*r + 5*a - z*a. Suppose 3*s - r*s = 2. Calculate the highest common divisor of s and 8.
2
Suppose 2 + 2 = -4*r. Let o(i) = 60*i**3 - i**2 - 2*i - 1. Let x be o(r). Let y be ((-273)/(-28))/((-9)/x). What is the highest common factor of 26 and y?
13
Let w(y) = -3*y + 8. Let a be w(6). Let v be (2/(-5))/((-2)/a). Let j be 20/40*(-76)/v. What is the greatest common divisor of 133 and j?
19
Let d be (26 + 0)*7*6/28. What is the greatest common divisor of 13 and d?
13
Let o be 2 + 0 - (0 + 0). Suppose o = -5*n + 47. Let x(j) = j**2 + 7*j - 60. Let k be x(-13). What is the highest common factor of k and n?
9
Let l(b) = b**2 - 2*b - 5. Let d be l(4). Let f be 4 + -3*16/(-6). Let u(z) = 3*z - 15. Let a be u(f). What is the greatest common divisor of d and a?
3
Suppose -3*u + 93 = i, -3*u = -4*i + 471 - 69. Calculate the highest common divisor of i and 18.
9
Let b(d) = d**3 - 12*d**2 + 27*d + 15. Let p be b(9). Calculate the highest common factor of 465 and p.
15
Let c = 240 + -213. Calculate the greatest common divisor of c and 18.
9
Let x be (6/7)/(14 + (-7539)/539). What is the greatest common factor of x and 36?
6
Let p = 353 - 164. Suppose 5*l - 3*q - p = 0, 0 = -l - 5*q + 23 - 2. Calculate the greatest common divisor of l and 24.
12
Let n = -34 - -18. Let d be (-3)/(15/(-23)) - n/40. What is the greatest common factor of d and 65?
5
Let j = -22 + 70. Suppose -5*t = 5*p - 3 + 18, 0 = 2*p + 10. Let g be (12*(-2 + 3))/t. What is the greatest common divisor of j and g?
6
Let x(h) = 3*h**2 + h + 1. Let t be x(-3). Suppose -48 = 45*g - 46*g. Let j = g - t. Calculate the highest common divisor of 69 and j.
23
Let k(w) = 2*w - 23. Let l = -71 - -91. Let m be k(l). What is the greatest common divisor of 34 and m?
17
Suppose b + 190 = 5*r - 3*b, 2*b = 3*r - 114. Let z = 42 - r. Calculate the highest common factor of 36 and z.
4
Let g = -2735 + 3417. Calculate the greatest common divisor of 44 and g.
22
Let r = 40 - 28. Suppose -26*d = -27*d + 108. Calculate the highest common divisor of d and r.
12
Let x = 82 + -37. Let c be (-6)/(-14) + (-335)/(-35). Calculate the highest common divisor of c and x.
5
Let s(u) = -137*u**2 + 265*u**2 - 134*u**2 + 6 + u**3 + u. Let w be s(7). Calculate the greatest common factor of 155 and w.
31
Let d be (-10*(-164 + -6))/2. Calculate the highest common factor of d and 50.
50
Suppose 0 = -5*f - 2*x - 61, -3*f + 4*x = -12 + 59. Let g be (f - 3)/(1/1). Let i be -3 + 1 + (-5 - g). Calculate the greatest common factor of i and 81.
9
Suppose -69*o = -67*o - 90. What is the greatest common divisor of o and 153?
9
Suppose -9 = -3*u - 3*o, -u + 7 = 2*u + 4*o. Suppose -3*m + 240 = u*m. Calculate the highest common divisor of 45 and m.
15
Suppose 3*m + k + 2*k - 114 = 0, -190 = -5*m - 2*k. Suppose 4*x - 25 = -2*g + 43, 0 = -5*x - 2*g + 87. What is the highest common factor of x and m?
19
Let k be 13/26*(0 + 0). Let m(w) = -w**2 + 6. Let y be m(k). What is the greatest common divisor of 18 and y?
6
Let w = -73 - -71. Let b be (1 + w)/((-354)/(-180) + -2). What is the highest common divisor of 20 and b?
10
Let h be 29/(-4 - (-6 - -1)). Suppose 0*n = -n + h. Calculate the greatest common divisor of 203 and n.
29
Let j(c) = -c**2 + 12*c - 17. Let t be j(9). Let r(q) = q**3 - 10*q**2 + 4*q + 14. Let a be r(t). What is the greatest common factor of a and 6?
6
Suppose 3*j + 5*p - 46 = 11, 3*p - 9 = 0. Calculate the highest common factor of 126 and j.
14
Suppose 77 = 2*p + 7*b, 4*p + b - 46 = 3*p. What is the greatest common divisor of p and 539?
49
Let v = -16 + 19. Let x(y) = -v + 4 + 0 + 119*y**3 + 0. Let c be x(1). Calculate the greatest common factor of c and 24.
24
Let b be (0 - (-1)/2)*28. Let n be (14/(-4) + 3)*26. Let h = n + 27. What is the highest common factor of b and h?
14
Let g be -55*(-8)/(-200)*-20. Suppose 2*d - 26 = 5*z - z, 4*z = -16. Suppose -5*a + a + 16 = d*b, 13 = 3*b - a. Calculate the highest common divisor of g and b.
4
Let o be (2/(-5))/(12/(-1140)). Calculate the highest common divisor of o and 266.
38
Let l be 2 + -2 - (-13 - -7). Let v = l - -18. Calculate the highest common factor of v and 12.
12
Let x be ((-51)/(-68))/((-1)/(-132)). Calculate the highest common factor of x and 66.
33
Let q be -1*(-19)/((-76)/(-200)). What is the highest common divisor of q and 850?
50
Let s = 1 - 0. Let l be s/(-3*(-3)/45). Suppose -3*f = 4*d - 346, -4*d + 322 + 8 = -l*f. Calculate the greatest common factor of 17 and d.
17
Suppose -h - 10 = -c + 4*c, -5*c = 2*h + 16. Suppose -h*s - 4*l = -0*l - 72, 0 = -4*s - 3*l + 129. Calculate the greatest common factor of 15 and s.
15
Let d be 2 + -1 + -3 - (-4 + -25). Calculate the highest common factor of 297 and d.
27
Let o = 77 + -17. Let z(y) = y**3 - 7*y**2 - 8*y + 5. Let a be z(8). Suppose a*c - c = 96. Calculate the highest common divisor of c and o.
12
Let l be 132/231 - 902/(-14). What is the highest common divisor of l and 52?
13
Let y = 1024 + -961. Calculate the highest common divisor of 153 and y.
9
Suppose 1 = -2*g + 5. Let l = g + -10. Let j = 7 - l. Calculate the greatest common divisor of 15 and j.
15
Suppose 0 = 2*v - 0 - 10. Let n(a) = a**2 + 10*a - 6. Let u(p) = -p**2 + 2*p - 11. Let z be u(0). Let h be n(z). What is the highest common factor of h and v?
5
Let i = 113 + -114. Let k be 16/(i + (-12)/(-9)). What is the highest common divisor of k and 16?
16
Let q(v) = v**3 + 9*v**2 + 8*v + 99. Let r be q(-9). What is the greatest common factor of 135 and r?
27
Suppose -5*d - 10 = 5*b, 4*d + 0 = -2*b + 2. Let n = d - 2. Let r be (4/(-8))/((-1)/2). Calculate the highest common divisor of n and r.
1
Let y = -675 - -1695. What is the greatest common divisor of y and 20?
20
Suppose -x + 5 + 4 = 0. Suppose 4*s = j - 52, -11 - 53 = -2*j - 2*s. Calculate the greatest common divisor of j and x.
9
Suppose 2*k - 1 = 1. Suppose 17 - k = 2*x. Let v(s) = -s**3 + 9*s**2 - 7*s - 2. Let o be v(x). Calculate the highest common divisor of 42 and o.
6
Let n(a) = 10*a - 37. Let f be n(4). Suppose -25 = 2*c - 4*h - 75, 0 = -c + h + 23. Calculate the highest common divisor of c and f.
3
Let f be 5/(-2)*(5 + 1 + -14). Let j be 21/7 + (1 - 0). Suppose 3*y = j*y - 160. What is the highest common factor of f and y?
20
Let g(x) = -x**3 - 10*x**2 + 10*x - 10. Let i be 4*(-2)/(-36) + (-101)/9. Let p be g(i). What is the highest common divisor of 3 and p?
1
Let p be (11 + 9)/((-20)/(-48)). Suppose 3*n + 24 = 4*n. What is the greatest common factor of n and p?
24
Let v be (2 - (-9)/(-2))/(8/(-80)). Calculate the greatest common divisor of v and 30.
5
Let g = 4 - 14. Let l be 4338/30 - (-6)/g. Let c = 23 + -7. What is the highest common divisor of c and l?
16
Let y(u) = 2*u**2 + 39. Suppose -d = -3*c - 12, -2*d = 2*c + c + 12. Let j be y(d). Calculate the greatest common divisor of 13 and j.
13
Let q = 249 + -248. What is the greatest common factor of 7 and q?
1
Let h = -18 - -16. Let x be 1/h*(-119 - -11). Let v(b) = b**2 + 6. Let g be v(0). What is the greatest common factor of g and x?
6
Suppose x + 1003 = 4*a, 27*a + 4*x = 22*a + 1280. What is the highest common